 + t**4/3 + 5*t**3/6 + 9*t**2. Calculate f(-6).
-7
Suppose 30 = 4*d + d. Let v be 10/((-3)/6*-1). Suppose 0 = d*t - t + v. Let l(q) = -q + 2. Give l(t).
6
Let w = 17/78 - 2/39. Let h(a) be the third derivative of 0*a + 1/2*a**3 + 0 + 2*a**2 + w*a**4. Determine h(-2).
-5
Suppose 3*x = 2*u + 12, -2*u - 8 = 2*u - 2*x. Suppose -2 = -o - 0. Let w(f) = 4 + 0*f**2 + f**o - f**3 + 0. Determine w(u).
4
Let c be 5 - (1 - 6/3). Let r(o) = 6 + c*o + 0*o**2 + o**2 - 1. Determine r(-5).
0
Let d = 6 + -13. Let u = -12 + 15. Let s = d + u. Let n(o) = -o**3 - 3*o**2 + 4*o + 3. What is n(s)?
3
Let b(v) be the second derivative of 0*v**4 + 0*v**3 - 1/2*v**2 - v + 0 - 3/20*v**5. Suppose 0 = -5*s + 5*p - 10, -2*s - 4 = -p - 3. Calculate b(s).
-4
Suppose 0 = 2*b - 3*b + 2. Let x(g) be the first derivative of g**4/8 - g**3/6 + g**2/2 + 6. Let j(i) be the second derivative of x(i). Determine j(b).
5
Let t(m) be the second derivative of 0 - 5/6*m**3 + 3/2*m**2 + 6*m. Determine t(2).
-7
Let j(u) = 2*u**3 + u**2 - 2*u + 1. Let i be j(1). Let l(z) = 8*z**2 - 3 - 7*z**2 + i. Determine l(0).
-1
Let q(b) = b**3 - b + 5. Let r be q(0). Let h(f) = 2*f - f + 6 + 3*f - r*f. Let p = 19 - 15. Determine h(p).
2
Let f(a) = -a**3 - 6*a**2 - 2*a - 2. Let i(s) = -2*s**3 - 7*s**2 - 3*s - 3. Let o(u) = -4*f(u) + 3*i(u). Calculate o(2).
-7
Let i(d) = -5*d**2 - 2*d + 3. Let r(o) = -6*o**2 - 3*o + 3. Let b(p) = 5*i(p) - 4*r(p). Give b(4).
-5
Let v(b) = -3 + 2*b**2 + 2*b - 4*b - b**2. Suppose 5*l - 12 - 13 = 0. Suppose 2*q + 3*a = 3*q, 0 = 2*q - a - l. Calculate v(q).
0
Let h = 2 - 3. Let c(i) = -7*i**2 + i + 1. Let b(f) = -f**2 + f. Let t(u) = b(u) - c(u). Give t(h).
5
Let a be (4/(-3))/(10/15). Let i(c) = 2*c**2 - 3*c - 3. What is i(a)?
11
Let x = -25 - -24. Let s(i) = 7*i - 1. Determine s(x).
-8
Let z(q) = 3 + 4*q - 4*q + q**3 - 4 + 2*q**2. Determine z(1).
2
Let q(d) = -d**3 + d + 1. Let u(p) be the third derivative of p**4/24 - p**3/6 - 2*p**2. Let r be u(3). Calculate q(r).
-5
Let k(t) be the third derivative of -t**5/40 - t**4/24 + t**3/2 + 4*t**2. Let p(g) be the first derivative of k(g). Determine p(-3).
8
Let k = 22 - 16. Let b = 9 - k. Let w(c) = c**2 - 3*c - 4. Calculate w(b).
-4
Suppose -6 + 1 = -5*h. Let n(k) = k + 5. Let x be n(0). Let a(r) = h - r - 3*r + x*r. Determine a(-2).
-1
Let v(f) = -4*f + 13*f - 13*f. Calculate v(-6).
24
Let d(p) be the first derivative of -p**2 + p - 36. Calculate d(5).
-9
Let c be (0 - 0)/((-16)/8). Let o(h) be the third derivative of -h**4/24 - 3*h**3/2 - 2*h**2. Determine o(c).
-9
Let v(o) = -2*o - 18. Let d(s) = 1. Let x(u) = -72*d(u) - 4*v(u). Give x(-1).
-8
Let c(a) = 7*a - 5. Let z(b) = -6*b + 4. Suppose 2*y + 2 = -2*j + 22, 3*y - 5*j = -10. Let s be 14/4*(-180)/(-105). Let d(q) = s*z(q) + y*c(q). Determine d(6).
-7
Let j(p) = p**3 - 5*p**2 + 5*p - 1. Let g(k) = -k**2 + 2*k + 1. Let l be g(2). Let f be (-4)/(-5)*5/l. Calculate j(f).
3
Let o(a) = -a**2 + 7*a + 4. Suppose 8*s = 7*s. Suppose 7 = c - s. Determine o(c).
4
Let w(g) be the third derivative of 0*g + 0 + 1/3*g**3 + 1/12*g**4 + 1/60*g**5 - 2*g**2. Give w(-2).
2
Let j(g) be the third derivative of g**4/24 + 4*g**3/3 + g**2. Let f = -60 - -60. What is j(f)?
8
Let p(x) = -x**2 + x - 2. Let v(t) = 6*t**2 - 10*t + 3. Let m(i) = -5*p(i) - v(i). Give m(5).
7
Let f be (-18)/27 - (-19)/(-3). Let j(r) = -r**3 - 8*r**2 - 6*r + 9. Determine j(f).
2
Suppose -4 = n - 1. Let t(l) = -5*l. Let a(r) = r. Let p(k) = -4*a(k) - t(k). Calculate p(n).
-3
Suppose 4*r - 2*q - q + 4 = 0, 5*r = 5*q - 5. Let n(f) be the third derivative of 7*f**5/60 - f**3/6 + 18*f**2. Calculate n(r).
6
Let r(n) = -2*n - 7. Let k = 4 - 1. Suppose -d = 4*b - 7, 2 - 18 = 5*d + k*b. Calculate r(d).
3
Let z = 5 + -3. Let c(v) = 11 - v**3 + 3*v - 2*v - 3 - 6*v**z. What is c(-6)?
2
Let j be -7*1/(-3) - 2. Let r(x) be the second derivative of j*x**3 + 2*x**2 - x + 0 + 1/12*x**4. Calculate r(-3).
7
Suppose 24 = 5*n - 8*n. Let w(q) = q**3 + 8*q**2 - q - 9. Calculate w(n).
-1
Let j(u) = -6*u - 3. Let x(z) = 3*z + 1. Let c(r) = -2*j(r) - 5*x(r). Suppose -7*t + 4*t - 9 = 0. Determine c(t).
10
Let u be (-3)/6*(1 - 1). Let x(y) be the second derivative of y**3/6 + y**2/2 - 5*y. What is x(u)?
1
Let g(v) be the second derivative of 5*v**4/12 + v**2/2 + 7*v. Let c be g(-1). Let y(z) = z**3 - 6*z**2 + 3. Determine y(c).
3
Suppose d = a + 10, -d + 29 = -2*a + 4*d. Let g(h) = h - 5. Give g(a).
-12
Suppose 3*j - 16 = 3*m + 5, -29 = -5*j + 3*m. Suppose -u = j*u + 10. Let a(q) = q + 8. Let h(v) = v + 7. Let y(o) = -5*a(o) + 6*h(o). What is y(u)?
0
Let m(t) be the third derivative of t**5/60 + t**4/24 - 36*t**2. What is m(0)?
0
Suppose -2*d - 4 = 2*d. Let b(p) be the first derivative of p**4/4 - 2*p**3/3 + p + 38. Calculate b(d).
-2
Let c(p) = p**3 - 13*p**2 + 12*p + 3. Let v be c(12). Let b(y) = -3*y**2 + 0*y**3 + 2*y**3 - 3*y - y**3 + 1. Calculate b(v).
-8
Let o(y) = -8*y + y**2 + 1 - 4 + 9. Calculate o(7).
-1
Let y(d) = -d**2 - d + 1. Suppose -3 + 8 = x. Let h(m) = m - 4. Let i be h(x). Determine y(i).
-1
Let u(o) = -o**2 + 7*o - 6. Let z be (-2)/7 + 23/7. Suppose 5*d + 5*i = 4*i + 268, 4*d + z*i - 221 = 0. Let v be (-4)/(-22) - d/(-11). Calculate u(v).
4
Let y(a) = -a**2 - 8*a - 5. Suppose 0 = 4*x - 5*x - 7. Let i be y(x). Let n(z) be the first derivative of 3*z**2/2 - 3*z - 1. Calculate n(i).
3
Let d(n) = -2*n**2 - 7*n - 4. Let o be 3 - 3*8/(-6). Let y = o - 2. Suppose -3*l = 5*t + 8, -y*l + 4 + 32 = -4*t. Give d(t).
-8
Let i(r) = 8*r**3 - 2*r**2 - 7*r - 15. Let a(u) = 7*u**3 - u**2 - 7*u - 14. Suppose -2*d = -3 - 9. Let g(n) = d*i(n) - 7*a(n). Determine g(-6).
2
Suppose 0 = -0*i - i + 4. Let f be (6/i)/(3/4). Let h(d) = 0*d**f - d + 4 - d**2 - 3*d. Calculate h(-4).
4
Let m(r) = 4*r - 2*r + 0*r - 4. Let k = 6 + -1. Calculate m(k).
6
Let h(w) = -7 - w - 2*w + w**2 + 11. Let o(r) = -r. Suppose -3*i = i + 16. Let c be o(i). Calculate h(c).
8
Let m(y) = y**2 - 2*y + 1. Let w(x) = x + 4. Let k be w(-7). Let r be (k/(-4))/((-4)/(-16)). Give m(r).
4
Let s(d) = 2*d + 1. Let q(o) = -6*o - 2. Let n(b) = -3*q(b) - 8*s(b). Give n(4).
6
Let w(s) be the first derivative of s**2/2 - s + 7. What is w(-5)?
-6
Let d(f) be the second derivative of 2/3*f**3 + 4*f + 0 - 3*f**2 - 1/12*f**4. Calculate d(5).
-11
Let m(b) be the second derivative of 0 - 1/6*b**3 + 2*b**2 + 2*b. Calculate m(-3).
7
Let m(k) = k**2 + 8*k + 3. Let q be m(-8). Suppose 8 = 2*z - q*o, 2*o + 2 = z - 4. Let t(h) = h**2 + 2*h - 2. Calculate t(z).
-2
Let u(c) = 2 + 0 - 5*c + 0*c. Suppose -q - 29 = -2*n, -3*n + 2*n = 3*q - 25. Suppose -n = -4*w + 2*h, -16 = -5*w + h - 2. Give u(w).
-8
Let l(o) = o**2 + 2. Let c be l(-2). Suppose 2*t - 4*n + 15 = t, 0 = -2*t - n + c. Let x(h) = 10*h. Give x(t).
10
Let n(t) = 19*t**3 + 4*t**2 + t + 7. Let r(j) = -10*j**3 - 2*j**2 - j - 4. Let i(y) = 3*n(y) + 5*r(y). Let h be ((-2)/(-4))/(7/14). What is i(h)?
8
Let f be (-32)/24*(-3)/2. Let r(w) = -3 + 5*w + 3*w**3 + w**3 - 5*w**3 + 2*w**3 + 6*w**f. Calculate r(-5).
-3
Let p(m) = m + 7*m**2 - 9*m - 1 + 8*m. Calculate p(1).
6
Suppose 5*d + p + 0*p = 4, d = -5*p - 4. Let c(x) = 6*x. What is c(d)?
6
Let d(h) be the first derivative of 7*h**2/2 - h - 27. Let t be (2 - 1)/((-2)/12). Let q be 10/t - 2/(-3). What is d(q)?
-8
Suppose 8 = -3*z - 1. Let d(a) = -4*a + 4*a**2 - 7 + a**3 + 6*a + 10. What is d(z)?
6
Suppose -3*n = 2*f + 5, 4*f + 7 = -3*n - 0. Let s be 20 + n/2*-2. Suppose -20 = 4*m + 4*q - 0*q, 5*m + q + s = 0. Let a(c) = 2*c**2 + 7*c + 6. Calculate a(m).
10
Let y(x) = -2*x - 2. Suppose -2 = -5*q + 8. Suppose -2*c + 4 = -q. Determine y(c).
-8
Suppose -2*h + 30 = 3*h. Let u(a) = -a**2 - 8*a**3 + h + 4*a**3 + 3*a**3 - a. Suppose 0 = 2*o + 2*o. Calculate u(o).
6
Suppose 5*i = 5*k + 9*i + 12, -15 = 5*i. Let x(s) = -s + 8. Give x(k).
8
Let r(v) be the second derivative of -v + 0 + 1/20*v**5 + 0*v**3 + 0*v**4 - 3/2*v**2. Determine r(0).
-3
Let s = 15 - 11. Let m(d) = s*d**3 - 4*d**2 - 1 + 4 - 5*d**3 + 3*d. Suppose b = u - 2*b + 10, u - 5*b = -14. Give m(u).
-9
Let y(z) = z**2 + 7*z - 2. Let m(l) = -4*l + 1. Let t(k) = -5*m(k) - 3*y(k). Give t(-2).
-9
Let d(p) = -p + 12. Let o be d(10). Let j(l) = 0*l**3 + 4 - 2*l**3 + 5*l**2 + 3*l**3 - o*l**3 - 4*l. What is j(4)?
4
Let c(s) = 2*s + 1 + 2 - 4 - 6*s**2 - 1 - s**3. What i